.
12
Let l(r) = -r**3 + 6*r**2 - 4*r - 4. Let d be l(5). Let t = -45 + 54. Calculate the highest common factor of d and t.
1
Let i = -40 + 68. Suppose -8 = -2*o - 0. What is the highest common factor of i and o?
4
Suppose 5*v = 3*o - 6, 0 = 4*o + 3*v - 5*v - 8. Suppose -6 = -o*x + 5*x. Let w be 2 + (x - 160/(-2)). Calculate the highest common divisor of 8 and w.
8
Let i = 1 + 1. Let w be (-2)/(-4) - (-125)/i. Calculate the highest common divisor of w and 7.
7
Suppose -3*b = -3 - 3. Calculate the highest common factor of b and 1.
1
Let k(j) = -j**2 - 6*j + 12. Let n be k(-7). What is the greatest common divisor of 55 and n?
5
Let m(p) = -p**2 + p + 56. Let k be m(0). Suppose q - k = -0*q. What is the highest common divisor of 14 and q?
14
Let v(h) = h - 5. Let i be v(7). Suppose -p = -i - 0. Suppose -71 = -4*n - 3*c, -2*n + n + 19 = c. What is the highest common divisor of p and n?
2
Suppose 12 = 4*b, 2*b - 90 = 2*m - 24. Let u be (-6)/4*m/9. What is the greatest common divisor of u and 40?
5
Let q be (2/5)/((-10)/(-400)). What is the greatest common factor of 16 and q?
16
Let f(j) = 29*j + 4. Let v(m) = -30*m - 4. Let b(y) = -2*f(y) - 3*v(y). Let h = -18 + 22. Let n be b(h). Calculate the highest common factor of 12 and n.
12
Let r = -3 + -1. Let j be 1*-2*2/r. Suppose -4*n - 5*b = -j - 3, 3 = 3*n - 3*b. What is the highest common divisor of 7 and n?
1
Let x(h) = 6*h**2 - 3*h - 2. Let r be x(-2). Calculate the highest common factor of r and 7.
7
Let c(k) = -k**3 + 13*k**2 - 13*k + 17. Let d be c(12). Suppose 4*o + 6 = -b, -2*o = -d*b + 26 + 10. Calculate the greatest common divisor of b and 6.
6
Suppose 0 = -w + 135 + 57. What is the greatest common divisor of 12 and w?
12
Suppose -4 = -2*y + 2*h + 2, 4*h = 5*y - 13. Let w(k) = -5 + k + 1 - y. Let a be w(7). What is the greatest common factor of 5 and a?
1
Suppose 3*a + 2*r = 43, -a - 5*r + 5 + 5 = 0. Calculate the highest common divisor of 15 and a.
15
Suppose -2*a + m + 37 = 0, 0 = -3*a + 2*a + m + 21. What is the greatest common divisor of 40 and a?
8
Suppose 130 = t + 40. Let o = -20 + 32. Suppose -o + 2 = -j. What is the greatest common factor of j and t?
10
Let y be (2/4)/(10/360). What is the greatest common factor of y and 45?
9
Let x be -1 + 6/2 + 27. Suppose -1 = k - x. Suppose -5*z - k = -433. Calculate the highest common divisor of 9 and z.
9
Let y be (-1 - 0)*9/(-3). Suppose d = y*d. Suppose d = 3*m - 26 - 1. What is the highest common factor of 18 and m?
9
Let v = 2 - 1. Suppose -2*s - v + 5 = 0. Suppose a = -4*z + 52, 9 = s*z + 2*a - 11. What is the greatest common divisor of 14 and z?
14
Let f be (1/2)/(3/18). Calculate the highest common divisor of f and 15.
3
Suppose x - 79 = -l + 15, -4*x + 8 = 0. Suppose 5*p - p - l = 0. What is the highest common factor of 46 and p?
23
Let z(g) = g**2 - 12*g + 6. Let a be z(12). Calculate the greatest common factor of 15 and a.
3
Suppose 4*l - 28 = -0*l. Calculate the highest common factor of l and 56.
7
Let k = -9 - -13. Let h = -1 - -2. Suppose -h = -r + 3. Calculate the highest common factor of k and r.
4
Let m be (-4 - -7)/((-21)/(-6) + -2). Calculate the highest common factor of 18 and m.
2
Let m = -24 - -16. Let z be 2 + 0 - m/(-2). Let i be 10 + z - (-1 + 2). Calculate the greatest common divisor of 7 and i.
7
Let i(y) = -8*y + 22. Let o be i(0). Calculate the highest common divisor of o and 44.
22
Let r be (-4)/(-2)*(-7)/(-14). Let o be (21/3)/(r + 0). Calculate the greatest common divisor of 1 and o.
1
Suppose 42 = -3*a + 3*s, 27 + 43 = -5*a - 4*s. Let r be 105/a*(-28)/3. Calculate the greatest common divisor of 28 and r.
14
Suppose -7*d = -2*d - 65. Calculate the highest common divisor of d and 104.
13
Suppose 50*d = 46*d + 96. What is the highest common factor of d and 8?
8
Let l(v) = -v**3 + 20*v**2 + v - 7. Let h be l(20). Let s be 1 + (1 - 54/(-2)). Let p = s + -16. What is the highest common divisor of h and p?
13
Let l(m) = 3*m - 54. Let j(w) = -w + 18. Let a(x) = -8*j(x) - 3*l(x). Let u be a(0). Calculate the highest common factor of 3 and u.
3
Suppose -2*j + 3*j = 7. What is the greatest common divisor of j and 1?
1
Let d be 0 - 2 - -2 - -14. Let f = -38 + 45. Calculate the greatest common divisor of f and d.
7
Let z = -92 + 176. What is the highest common factor of z and 21?
21
Let f(m) = 77*m**3 - 4*m + 4. Let z be f(1). Calculate the highest common factor of z and 11.
11
Let q = 9 - -9. Let l(w) = -2*w - 1 + 2 - 6*w. Let p be l(-1). What is the greatest common divisor of p and q?
9
Suppose 0*m = 4*m - 56. Suppose -f + c - 16 = -2*f, f + 2*c = m. Suppose z - 16 = -5*b, z + 4*b = b + f. Calculate the greatest common divisor of 3 and z.
3
Let s(r) = -2*r**2 - 6*r + 4. Let p be s(5). Let g = p - -228. What is the highest common divisor of 19 and g?
19
Let k(x) = -x**3 - x**2 + 4*x - 1. Let p be k(-3). Let v(m) = 7*m - 2. Let w be v(2). Suppose 48 = 3*s - w. Calculate the greatest common divisor of s and p.
5
Suppose -7*o - 30 = -9*o. What is the highest common divisor of o and 6?
3
Let p(s) = s**2 - 5*s - 6. Suppose 8*h - 28 = 4*h. Let t be p(h). Let w(c) = -c**2 + 10*c - 10. Let m be w(t). Calculate the highest common divisor of 2 and m.
2
Suppose 3 = 4*j - 9. Suppose -j*q + 44 = q. What is the greatest common factor of q and 33?
11
Let p = 12 + -8. Suppose 2*m = 2*v - 7*v + 18, -p*v + m + 17 = 0. What is the greatest common divisor of 12 and v?
4
Suppose -l = -3*s + 2, -3 = -2*l - 2*s + 1. What is the greatest common factor of l and 5?
1
Let r = 110 - 42. Let s be r/20 - 6/(-10). What is the highest common factor of s and 20?
4
Let u be (-4)/10 + (-18)/5. Let i be 7 - 2*(-2)/u. What is the highest common divisor of i and 48?
6
Let c = -10 - -15. Let o(u) = 56*u + 1. Let b(q) = 1. Let g(w) = -2*b(w) + o(w). Let h be g(1). Calculate the greatest common factor of c and h.
5
Let q be 2/(-9) + 890/(-45). Let c be (q/(-6))/(8/12). Let h = c + 1. What is the highest common factor of h and 6?
6
Suppose 0 = q - 3*q. Let n(m) = -m**2 - m + 8. Let b be n(q). Suppose -2*o - 152 - 70 = -3*f, 0 = 4*f - o - 291. Calculate the highest common factor of f and b.
8
Let y be (-70)/(-7)*2*1. Calculate the highest common factor of y and 10.
10
Let v = 4 + 1. Suppose -5 - v = -a. Suppose -2*r - x = 2*r - a, -x + 2 = 0. What is the highest common factor of 8 and r?
2
Suppose -4*n + 67 = t, -3*n + 0*n + 4*t + 55 = 0. What is the highest common divisor of 119 and n?
17
Suppose -2*u - 4*r = 2*u - 80, -2*u + 3*r = -50. Let a = -5 + 8. Let v(m) = 3*m + 2. Let h be v(a). Calculate the greatest common factor of u and h.
11
Let i(c) = -18*c - 6. Let m(w) = -2*w + 16. Let x be m(11). Let y be i(x). Suppose -5*f = -28 - y. What is the highest common divisor of 13 and f?
13
Let s = -4 + 12. Let j(x) = x**2 - 6*x - 6. Let z be j(s). Suppose -142 = -3*q - 52. Calculate the greatest common factor of q and z.
10
Let h be ((-80)/(-3))/(4/18). What is the greatest common factor of 15 and h?
15
Let k(g) = 84*g + 1. Let z be k(3). What is the highest common divisor of 23 and z?
23
Let f be (144/(-30))/((-12)/80). Calculate the highest common factor of 80 and f.
16
Let k(c) = -8 + c + 22 + c**3 - 6*c**2 + 0. Let l be k(6). What is the highest common factor of 50 and l?
10
Let p = 25 + -16. Suppose 5*g = -2*a - 114, 3*g = -4*a - 16 - 58. Let m = g - -85. What is the highest common divisor of m and p?
9
Let q = 58 + 21. Suppose 5*j - j = -3*l + 66, -5*j - 2*l + q = 0. What is the greatest common factor of j and 3?
3
Let t be 264/176*(-1 - 62/(-6)). What is the highest common factor of t and 3?
1
Let c be 11*(36/4 - 4). Calculate the greatest common factor of 22 and c.
11
Suppose -2*f = -4 - 8. Suppose -f*s = -s - 10. Calculate the highest common divisor of s and 6.
2
Let c = 51 - 25. Calculate the greatest common divisor of c and 65.
13
Let z(n) = 4*n - 13. Let y be z(5). Suppose -3*x - 28 = -5*x. What is the highest common factor of y and x?
7
Let h(y) = -y**3 - 5*y**2 + 12*y + 12. Let m be h(-7). What is the highest common divisor of m and 13?
13
Let g = 2 - 0. Suppose -2*t - 3*t - j + 121 = 0, -2*j - 46 = -g*t. Calculate the greatest common factor of t and 3.
3
Let u(v) = -v**3 - 8*v**2 - 7*v + 4. Let z be u(-7). Suppose 0 = a + 2*r + 2, 2*a + z*r - r = -1. 